) + (-13 - -12).
-6
Evaluate -6 - (7 + -2 + -3 + -5).
-3
What is the value of (8 - 7) + 3 + (-4 - -1)?
1
What is -9 + (-3 - (-1 + -5))?
-6
What is the value of 8 + (-3 - (9 + -3))?
-1
What is the value of -2 + 6 + (0 - 7)?
-3
56 + -56 + 1 + 7
8
Calculate 0 - (5 - (-2 + 2 + 9)).
4
Evaluate 1 - ((5 - (6 - 5)) + 2).
-5
What is -1 - (-17 + 10) - 0?
6
Calculate -7 - -3 - (3 - (-3 - -8)).
-2
4 - ((13 - 6) + 0) - -5
2
What is the value of (2 - (0 + 3)) + 4?
3
What is the value of -7 + (-3 - -10) + 0?
0
What is 8 + -14 + -2 + 7?
-1
What is 6 - 3 - (48 + -38)?
-7
Evaluate 1 + (4 + -5 - 0) - 3.
-3
Evaluate -3 - -1 - (-29 + 28).
-1
Calculate 6 - (7 + (-7 - -3)).
3
Calculate -20 - (-10 + 4) - -8.
-6
What is the value of -17 - ((2 - 24) + 12)?
-7
What is -13 + 9 + -5 - (-9 + 1)?
-1
Calculate 8 + 8 + (2 - 12).
6
What is -1 - -2 - (-13 + 17)?
-3
What is (7 - 10 - -2) + -1 + 4?
2
What is (-5 + 19 - 7) + -7?
0
Evaluate -2 - ((-1 - 1) + 0) - 3.
-3
Evaluate 0 - (1 + 6 - (-2 - -5)).
-4
Calculate 3 - (-1 + (-6 - -7)).
3
Evaluate (6 - 0) + -11 + 2.
-3
What is the value of 4 - (6 + -4) - (-2 - -1)?
3
Calculate -14 + 8 + (0 - -3).
-3
What is 3 + -2 + 0 - (1 + 0)?
0
What is the value of -7 + 7 + (-10 - -5)?
-5
(3 - 1) + -4 + 3
1
Calculate (1 + -2 - 3) + 13 + -19.
-10
Calculate -1 + -4 - (-7 - -7).
-5
(0 - (-2 + 4)) + 7
5
Evaluate (-9 + 6 - -3) + 2.
2
-4 - (1 + -1) - (-7 + -1)
4
Evaluate 0 + -1 + -69 + 67.
-3
Evaluate 0 + -5 - (0 - (0 - 0)).
-5
Calculate (-3 - (-1 - 3)) + (-5 - 1).
-5
What is -2 + 0 + -11 + 14 - -3?
4
(1 - -5) + -1 + -3
2
Evaluate 2 + 1 + 2 + -2 + -2.
1
-2 + 8 - (2 + -2)
6
Calculate 5 + 4 + 0 + 1 + -9.
1
Calculate (9 - (13 + -3)) + 3 + -1.
1
(20 - 2) + -15 + 5
8
Evaluate -4 + -7 - -14 - (9 - 0).
-6
18 + -16 + (-1 - 3) + -1
-3
Evaluate -1 + (-5 - -6) + -2 + 2.
0
Evaluate 2 + 0 - (13 + -11).
0
3 + 0 - ((0 - -1) + -1)
3
Calculate 44 + -44 - (6 + 1).
-7
-2 - (2 + -5 + 1)
0
-1 + (1 - (0 - 3 - -2))
1
What is -2 - (-2 - -1 - 4)?
3
What is the value of -1 - (-1 + -4 + 3)?
1
-2 + 0 - (1 + 0)
-3
What is 1 - (-4 - ((5 - 1) + -3))?
6
Evaluate 4 + 1 + -6 - (0 + -3).
2
Calculate -1 - (3 - (4 + (-9 - -4))).
-5
What is the value of -4 - (5 + -10 + 0)?
1
What is the value of (-4 + 0 + 3 - 3) + 3?
-1
What is the value of -2 + 0 + (6 - (-8 + 11))?
1
What is 1 + (3 - 0) - 1?
3
(-3 + 4 - -3) + -3
1
What is the value of -2 - (-2 - -6 - 11)?
5
Evaluate (1 + 2 - -1) + -9 - -9.
4
Evaluate -1 + -6 - (-107 + 96).
4
-4 + (-3 - -1) + 10
4
Evaluate -6 + (-7 - (7 - 18)).
-2
8 + 11 + -11 + -11
-3
Calculate -2 + -3 + 4 + 2.
1
What is 2 - (7 + 4 + 2 + -2)?
-9
What is the value of (-16 + 36 - 8) + (-1 - 3)?
8
Calculate (7 - 2) + -6 - -3.
2
Evaluate (-2 - 1) + (-4 + 4 - -5).
2
What is 15 + -7 - (6 + -3 + 4)?
1
Calculate -1 + (-8 - -3) + 14.
8
(-7 - -1) + -42 + 48
0
-2 + 2 + 11 + -2
9
-3 - -4 - (2 + 2 + -3)
0
What is (-3 - -1) + (3 - -5)?
6
What is -3 + 2 + 2 + -1 - -1?
1
Evaluate -15 + 10 + 1 + 5.
1
Evaluate -5 + 2 + 0 + 3 - -1.
1
-3 - (-16 + 2) - (3 + 3)
5
Evaluate -6 - (3 + (1 + 0 - 3)).
-7
What is the value of (-51 - -53) + 1 + -6?
-3
What is (3 - -2 - (5 - 2)) + 0?
2
What is -1 + -7 - (0 - 3) - -2?
-3
What is the value of 3 + -6 - (-5 + -2) - 9?
-5
What is -60 + 70 - (-3 + 9)?
4
What is 0 + 8 + -11 + 7 - -1?
5
Calculate -1 + -1 + 79 + -81 - -8.
4
Evaluate 13 + -20 + 3 + -6.
-10
What is the value of -18 - (10 - 32 - -14)?
-10
What is 0 + (1 - -1) + -3?
-1
2 - 14 - -20 - 0
8
10 - (-6 - (-7 - 1))
8
1 + -12 + 8 + (4 - 0)
1
7 - (-3 + 6) - 11
-7
Calculate (-3 - -1) + (-11 - -16) + 4.
7
What is the value of -8 - (-3 - -4 - (-2 - -7))?
-4
Calculate 0 + -2 + (-2 + 3 - 1).
-2
Calculate (3 - -1) + (-8 - -7).
3
Evaluate 10 + -5 + (1 - (7 - -3)).
-4
What is -4 - ((1 - -2 - 2) + -5)?
0
-5 - (-3 + (-5 - (-2 + -2)))
-1
-4 + (7 - (1 + -2)) + -6
-2
Evaluate 0 - (3 + -2) - (-10 + 7).
2
What is the value of 12 + -23 + -4 - -5?
-10
What is (9 - 7) + (-2 - 4)?
-4
Evaluate -5 - (12 + -11 - 12).
6
(2 - 4 - -5) + -3 - -2
2
What is 0 + -6 + (42 - 42)?
-6
Evaluate (-6 - -4 - -2 - 4) + 9.
5
Evaluate 7 - ((-13 - -16) + 9).
-5
What is -4 - ((5 - 6) + 1) - -4?
0
-7 - (4 - (3 + 4))
-4
What is -3 - (-6 + (4 - 8))?
7
-4 + (-4 - -10) + 24 + -24
2
Evaluate -7 - (-5 - -1 - -1).
-4
What is the value of (0 - 1) + -3 - -10 - 2?
4
What is -1 - -5 - (17 + -17)?
4
Evaluate 4 + -10 + (5 - -2).
1
Calculate (2 - 2) + -1 + 8 - 2.
5
What is the value of (-31 - -18 - -12) + (0 - 2)?
-3
What is the value of -1 + (-4 - (-9 - (4 - 8)))?
0
Evaluate -6 + 1 + 6 + -5.
-4
18 + -31 + 7 + -1
-7
Evaluate -3 - (-2 - (-2 + 4)).
1
What is the value of -1 + 3 - (-2 + 3)?
1
Calculate -7 + 8 + -9 - -5.
-3
What is the value of 6 + (-3 - -1 - 2) + 0?
2
-5 - -2 - -3 - 5
-5
Evaluate 1 + 7 + -1 - (3 - -1).
3
Calculate (5 - 13) + 2 - (-1 - 3).
-2
(-6 - -9) + 1 + -1
3
What is (-9 - (2 + -5)) + 0?
-6
What is 3 + -3 - (8 + -4 - 0)?
-4
What is the value of 7 - ((-10 - -9) + 10)?
-2
What is 0 - 2 - -2 - -4?
4
(2 - (-4 - -3)) + -1 + -1
1
What is 1 - (7 - (6 - 4))?
-4
What is -1 - (0 + 0) - (-19 + 23)?
-5
Evaluate 8 + 4 + (-15 - 6).
-9
What is the value of -1 + -1 + 1 + 0 - 1?
-2
What is (1 - (-10 - -16)) + (-1 - 1)?
-7
Evaluate 2 + -3 - 4 - (-24 + 25).
-6
Calculate -2 + 3 - -8 - (-9 + 13).
5
What is the value of -15 - (0 - (7 - -3))?
-5
What is (18 + -5 - 13) + -2?
-2
Evaluate 18 + -18 - (1 - 2 - 1).
2
Evaluate 0 + (11 - (4 - 0)) + 0.
7
What is 2 - (3 + 0 + (-16 - -15))?
0
Calculate (19 - 19) + -1 + 5 + 2.
6
(-8 - 3 - -7) + 15
11
-2 - 7 - (-5 + 3)
-7
What is the value of 7 - (-2 - (-1 + 1 + -3))?
6
What is -1 + -3 + 4 - 4?
-4
What is 9 - (6 + -6 + (2 - -3))?
4
Calculate -1 + 6 + -4 + (-5 - -3).
-1
Evaluate 4 + (5 - (1 - -7)).
1
(9 - -1) + 0 - (-32 + 34)
8
Calculate -3 + 1 + -7 + 9.
0
What is the value of (4 - 16) + 9 - (-8 + 0)?
5
What is the value of 5 - (-3 + -4 - (3 + -18))?
-3
-2 + (7 - (-5 + 10) - 4)
-4
-16 - -8 - 0 - (-2 - -4)
-10
Evaluate 1 + -2 - (-1 + -3).
3
3 - (-5 + (4 - -1) + 0)
3
Calculate -5 + 4 + 2 - (-3 + 7).
-3
What is 4 + -2 + 2 + -4 + 2?
2
Calculate -5 - (-2 + 1) - (1 + -8).
3
What is -4 - -5 - 12 - -10?
-1
-2 + 18 + (-3 - 9)
4
Calculate 4 + (-1 + -3 - (-6 - -5)).
1
What is the value of -4 + (0 - (-8 + (-9 - -7)))?
6
What is -3 - (-2 + -5) - 11 - -5?
-2
What is the value of -30 - -28 - (-3 + -2)?
3
Evaluate 4 - 13 - -10 - 3.
-2
What is -6 - (-3 + -5 + -3)?
5
13 + -3 - 12 - -7
5
What is 0 + 0 + -2 + (-1 - 1)?
-4
Calculate 5 - (5 - 7) - 8.
-1
What is the value of -16 + 5 - 1 - (1 + -3)?
-10
What is the value of -2 - (-3 - (6 + -15))?
-8
Calculate -2 - (2 + (2 - -2) - 3).
-5
9 + (-1 - 1) + -11
-4
Evaluate (3 - 8 - (3 - -2)) + 5.
-5
What is the value of 31 - 25 - (-3 + 1)?
8
Calculate -8 - (7 + -11) - -10.
6
What is 2 + ((3 - 2) + 3 - 2)?
4
What is the value of 8 - 2 - (11 - (16 + -8))?
3
Calculate -10 - (-10 + (8 - 3)).
-5
4 + (-3 + 7 + -7 - -3)
4
Calculate 4 + -5 + -6 + 4.
-3
(-1 + 9 - 2) + -5 + 3
4
What is the value of -7 + (-3 - -7 - -1)?
-2
What is the value of -3 + 0 + (16 - (-1 - -21))?
-7
What is -2 + (-1 - (2 - 4))?
-1
Evaluate (-12 - 3) + -16 + 23.
-8
Calculate 5 + -6 + 3 + 1.
3
Evaluate (1 - 2) + (14 - 0) + -13.
0
What is (1 - 3) + 1 - -2 - -4?
5
What is the value of 53 + -43 + -8 + 0?
2
Calculate (3 - 10) + (13 - (-2 - -2)).
6
What is the value of 3 + 3 + (-8 - (-4 - -10))?
-8
5 - ((-6 - -1 - -8) + 7)
-5
13 + (12 + -7 - 14)
4
Calculate -4 + (-3 + 4 + -2 - 3).
-8
Evaluate 4 + -4 - (1 + 1 + -9).
7
-6 + 4 + 0 - -2 - 0
0
What is the value of -6 + (2 - (0 + -6 - -12))?
-10
What is (-4 - -4) + 0 - (-3 - -3)?
0
(-3 - -1) + 0 + 7
5
Evaluate -6 - -13 - (-5 - -8) - 6.
-2
-8 + (-5 - -11) + -11 + 6
-7
Evaluate 15 + (3 - 14) - 7.
-3
Evaluate 2 + (-3 - -3) + -5.
-3
What is (9 - 4 - 5) + -3?
-3
Calculate 10 + -17 + 2 + 8 - 6.
-3
Calculate (6 - (3 + 2)) + -18 + 8.
-9
What is the value of -8 - (-4 + 2 + 5 - 6)?
-5
What is the value of 6 - (9 + (3 - 12))?
6
What is 3 + 3 + -6 - -3?
3
5 - (6 + -4 - 3)
6
0 + -1 + 0 + -3
-4
What is the value of -5 - (7 + -15) - (1 - 1)?
3
(2 - 2) + 7 - (-4 + 7)
4
-13 + 9 + 6 + (-3 - 5)
-6
7 - (1 + 5 - 4)
5
What is the value of 5 - (0 - -3) - 9?
-7
What is the value of 4 + 0 + (8 - 6)?
6
Evaluate -7 + (7 + -5 - -4).
-1
Calculate -6 + 1 - (2 + -2).
-5
(21 - 10) + (-7 - 3)
1
What is the value of -1 - 1 - (-5 + -1)?
4
W